-13
Let k(q) = q**3 + 12*q**2 - q - 14. Let g(j) = -j**2 - 4*j + 6 + 17*j - 5*j - 5*j. Let x be g(-3). Let n be k(x). Let l(t) = -3*t**2 + 4*t + 3. Give l(n).
-17
Let t(x) = -2*x - 3. Let a(z) = 1. Let l(o) = -5*a(o) - 4*t(o). What is l(5)?
47
Let f(o) = o**3 + 5*o**2 - 4*o - 9. Let n(r) = 6*r**3 - 18*r**2 + r - 8. Let s be n(3). Calculate f(s).
11
Let o(m) = -9164 + 9140 + 0*m + m. Determine o(10).
-14
Let t(a) = -2*a - 6. Let h = 3 - -1. Suppose -h*b = -u + 21, 0*b = 5*u + b - 21. Give t(u).
-16
Let q(u) = -9*u**2 - 8*u - 10. Let n(o) = -16*o**2 - 15*o - 20. Let i(c) = -4*n(c) + 7*q(c). Determine i(-8).
42
Let h(x) = -x**2 + 9*x + 7. Let b(o) = 21*o + 7. Let z be b(0). What is h(z)?
21
Let t(o) = o**3 + 5*o**2 + 9*o + 11. Let b(u) = 4*u**3 + 19*u**2 + 36*u + 43. Let h(z) = 2*b(z) - 9*t(z). Calculate h(-6).
5
Let x(o) = -o**2 - 2*o + 14. Let i = -1331 + 1335. Determine x(i).
-10
Let y(c) = 5*c + 12. Suppose -6*a = -p - a + 11, 3*p + 39 = -3*a. Determine y(p).
-33
Let n(i) = -5*i**2 + 4*i - 19. Let z(d) = -2*d**2 + 3*d - 9. Let c(w) = -3*n(w) + 7*z(w). Let b = -5 - 3. Give c(b).
-14
Let i(p) = -p - 26. Let u(f) = 187*f - 92*f - 91*f - f**2 + 32. Let c be u(8). Determine i(c).
-26
Let a(z) = 4*z + 7 + 3 - 3*z - 1. Let x be a(-7). Suppose -x*u + 18 = -4*h - 4*u, -u = h + 6. Let r(w) = w + 3. Determine r(h).
0
Let y(b) = -3*b**2 + 6*b - 15. Let a(f) = -4*f**2 + 9*f - 22. Let m be -7 + 7 + (-2 - -9). Let o(j) = m*y(j) - 5*a(j). Calculate o(-5).
-5
Let l(z) be the second derivative of -z**4/12 - 4*z**3/3 - 21*z**2/2 - 69*z. Calculate l(-6).
-9
Let h be (-3)/(-2) + 93/(-62). Let v(m) = -m**2 + 3*m + 12. Calculate v(h).
12
Let n(b) = 4*b + 3. Suppose q + 15 + 9 = -i, 5*i + 150 = 5*q. Let w = i - -23. What is n(w)?
-13
Let v(x) be the first derivative of -5 - 1/2*x**3 + 9/2*x**2 - 9*x. Let l(w) be the first derivative of v(w). Determine l(6).
-9
Let w(v) = 5*v**2 + v + 1. Suppose 19 + 201 = 5*n. Let j = n - 40. Suppose -4*z - 5*x - 4 = -j*x, 5*z = -5*x - 5. Calculate w(z).
5
Let k(w) = w**3 - 2*w**2 - 2*w - 2. Let l(b) = b**2 - 6*b + 8. Let z be l(5). What is k(z)?
1
Let n(v) = -7*v - 9. Let i(x) = 7*x + 5 - 4*x + x. Let t(y) = -5*i(y) - 3*n(y). Let z(a) = -12*a - 4. Let w be z(-1). Determine t(w).
10
Suppose 318 = 8*q - 234. Let t(k) = 3*k + 45 - q + 39. Give t(-10).
-15
Let m(r) = -r**3 - 10*r**2 - r - 4. Suppose 0 = 5*a + 2*g + 40, -5*a = -2*g - g + 65. Calculate m(a).
6
Suppose -2*u + 2 = 2*n, -4*n - n = 2*u - 17. Let x(j) = -j - 2. Give x(u).
2
Let s(i) = 3*i**2 - 2*i - 2. Suppose -5*z - 4*w = -29, -w - 14 - 10 = -5*z. Suppose -4*c + 1 = z*h - c, 5*h = 2*c + 16. What is s(h)?
6
Suppose -w = -k - 4, -2*w - 4*k + 8 = 2*w. Let i(j) = -j**2 + 5*j. Give i(w).
6
Let s(p) = -p - 5. Let w be 2/8 + 7/4. Suppose -2*f = w*f - 16. Suppose -g - z - 8 = 0, -g + 3*g - 2*z + f = 0. Calculate s(g).
0
Let x be 2 + -4 + 1*-4. Let b be (3/3)/((-2)/x). Let w(p) = -1. Let f(t) = 2*t - 5. Let i(u) = f(u) - 5*w(u). Give i(b).
6
Let h(p) = -3*p**2 - 6*p - 1. Let v(o) = 13*o**2 + 24*o + 3. Let q(u) = 9*h(u) + 2*v(u). Determine q(-5).
2
Let d(x) = 2*x**2 + 3*x - 2. Let o(i) = 6*i**2 - 4 + i**3 - 4*i**2 - 6*i**2 + 4*i + 1. Let g be o(2). Determine d(g).
7
Let j(g) = 9*g**3 - 18*g**3 + 0*g**2 - 2 + 3*g**2 + 10*g**3. Suppose 5 = 4*q + 3*k, -k - 2 = 3. Suppose 2*d = m - 1 - 3, -2*m = -3*d - q. Determine j(d).
-2
Let z(w) be the second derivative of w**4/24 + 7*w**3/6 - 3*w**2 + 9*w. Let y(t) be the first derivative of z(t). Calculate y(-4).
3
Let v(l) = 139*l - 9. Let p(n) = 254*n - 17. Let m(o) = 6*p(o) - 11*v(o). Give m(6).
-33
Let c(k) = -k**2 + 3*k**3 - 4*k**3 + 3*k**2 + 0*k**2. Let w be c(0). Let m(a) = a**2 + 1. Give m(w).
1
Let h(m) = -5*m**2 + 5*m + 8. Let p(u) = -4*u**2 + 4*u + 7. Let d(g) = 5*h(g) - 6*p(g). Suppose -3*k - 9 = -15. Let o(j) = -3*j + 10. Let z be o(k). Give d(z).
-14
Let j(z) be the second derivative of z**5/20 - 13*z**4/12 + 13*z**3/6 - 13*z**2/2 + 2*z. Let g be j(12). Let q(i) = -4 - 5*i**2 + 2 - 2*i + 1. Give q(g).
-4
Suppose a + 9 = 4*t, -3*a + t + 17 = -0*a. Let p(h) = -h**2 + 5*h - 2. Determine p(a).
-16
Let d(t) = -29*t**2 + t**3 - 25*t**2 - 16*t**2 + 11 + 2*t + 21 + 84*t**2. What is d(-14)?
4
Suppose 0 = 5*z - 31 + 6. Let d(j) = 2*j - 35. Let w(m) = -m + 17. Let p(r) = -6*d(r) - 13*w(r). What is p(z)?
-6
Suppose -4*p - 12 = 0, -1 = 5*h + 3*p - 22. Let t(n) = n**2 - n. Let f(l) = 7*l**2 - 2*l - 1. Let g(s) = h*t(s) - f(s). Give g(-6).
-11
Let t(r) = -r**3 - 4*r**2 + 5. Let h = 64 - 61. Let c be (-2 + (-14)/(-4))*(-8)/h. Give t(c).
5
Let k(a) = 2 - 3*a + 2*a**2 + a**3 + 0 + 0*a. Let d be (0 + -4)/4 - -1. Suppose 0 = -4*z - 5*c - 2, 4*z = -d*c + 2*c - 16. Give k(z).
2
Let j(t) be the second derivative of -t**4/12 - t**3/2 + 4*t**2 + 45*t + 1. Determine j(-6).
-10
Let v = -718 + 729. Let n(t) = t**2 - 13*t + 6. What is n(v)?
-16
Suppose 2*r - 5*r + 3 = 0. Let x be 2 + r - (-20)/(-2). Let y(l) = l**3 + l. Let p(n) = 2*n**3 + 8*n**2 + 7*n - 2. Let w(i) = p(i) - y(i). What is w(x)?
5
Suppose 4*m = 0, -5*g - 30*m = -25*m + 55. Let b(v) = -v - 7. Give b(g).
4
Let i be 1*-2*5/10*-1. Let w(f) = 5*f**2 + 1. Determine w(i).
6
Let u(d) be the second derivative of d**5/20 - d**4/4 - 2*d**2 - 31*d - 2. Give u(4).
12
Let r(n) = 4*n**2 + 22*n + 12. Let v(p) = -p**2 - 7*p - 4. Let c(y) = 3*r(y) + 10*v(y). Calculate c(4).
12
Let t(n) be the second derivative of -n**5/120 + 7*n**4/24 + 13*n**3/6 + n. Let i(y) be the second derivative of t(y). Determine i(6).
1
Let l(q) = 248*q + 263*q - 518*q + 1. Determine l(1).
-6
Let t be (1215/20)/9 - (-3)/12. Let i(h) = 2*h**3 - 6*h**2 - 3*h**3 + 28*h - t - 27*h. Give i(-6).
-13
Let r(h) = -h**2 - 11*h + 1. Suppose 2*t - 10 = 0, -5*t - 16 = -d - 50. Give r(d).
19
Suppose -3*o - 9 = -12*o. Let z(d) = 0*d + 0*d - 2*d**2. Let v be z(o). Let x(l) = 4*l + 2. Determine x(v).
-6
Let o(f) be the first derivative of 0 - 2*f - 3 - 17 + 27*f**2 - 23*f**2. Give o(2).
14
Let p(y) = -106*y**2 + 107*y**2 - 3*y - 5 + 6*y. What is p(-4)?
-1
Let k be -4*1/(-2)*1. Let l(z) = -z**2 + 417*z - 419*z + 2*z**2 + 1. Give l(k).
1
Let k(u) be the third derivative of 1/24*u**4 - 2/3*u**3 + 0 + 0*u + 2*u**2. Let f be 0/(12/36 - (-14)/(-6)). Determine k(f).
-4
Let f(v) = -3*v**2 - v - 4. Let l(n) = 2*n**2 - 1. Let x(y) = -f(y) + 3*l(y). Determine x(-2).
35
Let y(g) = 5*g**3 - 5*g**2 + 13*g - 4. Let c(k) = k**3 + 2*k. Let s(r) = 4*c(r) - y(r). Let d(q) = -2*q - 5. Let i be d(-4). What is s(i)?
7
Suppose 264 = -56*u + 80*u. Let c(h) = -h**2 + 12*h - 4. What is c(u)?
7
Let y(a) = -a + 10. Let s(d) = 4*d - 54. Let l(c) = -3*s(c) - 16*y(c). Give l(-6).
-22
Let v(y) = 4*y. Let d(s) = -4*s + 1. Let l(c) = -4*d(c) - 5*v(c). Determine l(8).
-36
Let z(w) = 4*w + 4. Let l(m) = m**3 - 8*m**2 - 8*m - 10. Let o = 13 - 4. Let x be l(o). Let a(f) = f**2 + f + 1. Let k(t) = x*z(t) + 4*a(t). What is k(1)?
4
Let j(z) be the first derivative of -1 + 1/60*z**5 + 7/2*z**2 + 5/24*z**4 + 0*z + 1/6*z**3. Let s(h) be the second derivative of j(h). Give s(-2).
-5
Let n(z) = -4*z**2 - 10*z - 9. Let t be n(-1). Let m(s) = -3*s - 9. Give m(t).
0
Let h(w) = -w**3 - 3*w**2 + 2*w + 4. Let g be (6 + -2)*(-8)/(-16). Suppose -5*l + 4*l = -4*t + 106, 56 = g*t + l. Let d = 23 - t. What is h(d)?
12
Let n = -4 - 1. Let b(h) = 15*h**2 - 6*h**2 - 13*h**2 - 6 - 6*h - 2*h**3 - 2*h**2 + h**3. Determine b(n).
-1
Suppose 109*y - 152*y + 688 = 0. Let a(n) = -n**2 + 18*n - 39. Determine a(y).
-7
Let o(d) = -d**3 - 7*d**2 - 5*d + 8. Let i be o(-6). Let m(l) = l**i + 3 - l + 0*l**2 - 5 + 1. Let k be m(0). Let j(n) = 9*n - 1. Give j(k).
-10
Let z(q) = -q**2 - 4*q + 1. Let w(r) be the second derivative of -3*r + 0 - 1/6*r**4 - r**2 + 5/6*r**3. Let x be w(3). Calculate z(x).
-4
Let u(k) be the third derivative of -k**6/360 - k**5/20 + k**4/24 - 5*k**3/3 + 9*k**2. Let w(b) be the first derivative of u(b). Calculate w(-6).
1
Let z(o) = -2*o + 3125 - 3121 + 0*o. Give z(6).
-8
Let o be 33/(-27) + ((-16)/72)/(-1). Let n(b) be the first derivative of 5*b**4/4 + b**3/3 + b**2 + b - 1. What is n(o)?
-5
Let t(z) = 27*z - 2 + 3*z - 59*z + 29*z - 8*z**2. What is t(1)?
-10
Let g = 61 + -35. Let u be (g/6 + -3)*-3. Let l(r) = r**3 + 3*r**2 - 4*r - 5. Give l(u).
-5
Let q(j) be the third derivative of -j**4/12 - 14*j**